at is the hundreds digit of t?
7
Let r = 33 + -31. Suppose o = 0, -2*o - 2*o + 100 = r*x. What is the units digit of x?
0
Suppose 10*g + 2*g + 36 = 0. What is the units digit of 4325/75 + (-1)/g?
8
Let f be 9/(-6)*6 - -2. Let b(p) = -p**3 - 5*p**2 + p + 9. What is the hundreds digit of b(f)?
1
Let u(v) = 78*v**2 + 7*v + 11. What is the tens digit of u(-2)?
0
Let i(y) = -2*y - 7. Let g be i(-8). What is the tens digit of 3*(420/g)/7?
2
Let j = -48 + 51. Suppose 0 = j*s + 15, 0*d - 2*s + 413 = 3*d. What is the units digit of d?
1
Suppose 5*w = -i + 5*i - 1, -w - 5 = 0. Let z(v) = 3*v**2 + 6*v - 4. What is the units digit of z(i)?
8
Let o(y) = 7*y**2 - 6*y - 13. What is the units digit of o(13)?
2
Let y = -5 - -7. Suppose x + 0*x - 59 = 0. Suppose x = o - 4*l + 10, -o + y*l + 47 = 0. What is the tens digit of o?
4
Let a(t) = t**2 - 1 + 6 + 7*t**2 - t**2 - 5*t. What is the tens digit of a(2)?
2
Suppose 49*a = 53*a - 4364. What is the units digit of a?
1
Let t(w) = -2*w**3 - 11*w**2 - 11*w - 10. Let g be t(-5). What is the tens digit of 5/((-60)/(-81))*g?
3
What is the hundreds digit of 16266/9*(-27)/(-18)*1?
7
Let n(p) = 2. Let a(w) = -w - 1. Let x(t) = -8*a(t) - 4*n(t). Suppose 0 = 6*f - 3*f - 6. What is the units digit of x(f)?
6
Let m be 60/7 - (72/28 - 3). What is the tens digit of m*16 - (-1 - 1)?
4
Let l be (2 + 0)*5/2. Let w be (0 - (2 - l))/1. Suppose -o = -w*p - 3 - 5, 3*o - 5*p = 44. What is the tens digit of o?
2
Let t(u) be the first derivative of -u**4/4 + 5*u**3/3 - 3*u**2/2 + 4*u + 6. Let m be t(3). Let j = 54 - m. What is the tens digit of j?
4
Suppose 0 = -43*v + 48*v + 5. What is the tens digit of (478/(-2))/(1/v)?
3
Let g = -118 - -145. Suppose 3*z - 51 = g. What is the units digit of z?
6
Let b(y) = y**3 - 16*y**2 - 16*y - 21. Let i be b(17). Let z be 2760/55 - i/(-22). Let t = z + -4. What is the units digit of t?
6
Suppose z + 5 = -3*y, -3*y + z - 15 = 4*z. Let j = 6 - y. What is the units digit of j - (-4 + 1)/3?
7
Let a = -23 + 28. Suppose -a*i - 4*l + 74 = -2*i, 0 = -i + 2*l + 38. What is the tens digit of i?
3
Suppose 2*n + 0*n = 0. Let p(o) = -o + 103. Let i be p(n). Suppose 5*w - i - 12 = 0. What is the units digit of w?
3
Suppose -68*q + 15644 = -61876. What is the tens digit of q?
4
Let o(y) = 35*y - 5. Let w be o(7). Let p = 415 - w. What is the tens digit of p?
7
Let d(v) = -v**3 + 20*v**2 + 15*v + 46. What is the hundreds digit of d(19)?
6
Suppose -2560 = -3*c - 5*g, c = -13*g + 12*g + 850. What is the hundreds digit of c?
8
Let q = -49 + 53. Suppose 80 = 2*m + q*o, 5*m = -3*o - o + 218. What is the tens digit of m?
4
Suppose -39627 = -44*o + 7*o. What is the units digit of o?
1
Let o(i) = 3*i**2 + 890. What is the hundreds digit of o(0)?
8
Let r(i) = -113*i + 15. What is the units digit of r(-5)?
0
Suppose -4*r = -3*r - 713. What is the units digit of r?
3
Let s(o) = o**3 + 16*o**2 - 16*o - 5. Let q = 122 + -138. What is the tens digit of s(q)?
5
Let i(m) = -406*m - 463. What is the hundreds digit of i(-8)?
7
Suppose -34 = 5*w - 3*y + 71, -5*y = -w - 43. Let p be (-4)/18 - 22/w. What is the units digit of (0 - p) + (-32)/(-4)?
7
Let u be 2/(-3) + 753/9 + 3. Suppose 23 = -m + u. What is the tens digit of m?
6
Let p be 0 + 7 - 39/13. Suppose -4*t + w = -309, p*t + 5*w = -t + 380. What is the tens digit of t?
7
Suppose 0 = 5*n + 2*n - 196. Suppose u - x = n, 0 = -2*u + 3*x + 2*x + 47. What is the units digit of u?
1
Let d(t) = 397*t**3 + 9*t**2 - 18*t + 1. What is the hundreds digit of d(2)?
1
Let j(s) = -2*s - 4. Suppose -3 = -t - 19. Let z = t + 13. What is the units digit of j(z)?
2
Suppose 0 = -2*h + h. Let c be -32 - -9*(-1)/3. Let r = h - c. What is the tens digit of r?
3
Suppose -3*s = -9*s + 318. Suppose 2*k - s = 67. What is the tens digit of k?
6
What is the hundreds digit of 80/32*(214 + 4)?
5
Suppose n - 9 - 1 = 0. What is the tens digit of ((-392)/(-10) - 2)*n/4?
9
Suppose -17*g + 12605 = -13354. What is the thousands digit of g?
1
Let g = 33 + -13. What is the units digit of 120/(-3)*(-2 + (-96)/g)?
2
Suppose -10*k = -19*k + 6444. What is the tens digit of k?
1
Let c(o) be the first derivative of 2*o**3/3 - 3*o**2/2 - 6*o - 1. Let n be 4/(-10) - (-26)/(-10). What is the units digit of c(n)?
1
Let h = 480 - 232. Suppose 7*z - 1172 = -h. What is the hundreds digit of z?
1
Let z(h) = -h**2 + 7. Let f be z(8). Let j = f + 110. What is the tens digit of j?
5
Let d be 0 - 0/(-4) - -51. Let k = d + 40. What is the units digit of k?
1
Suppose 3*r - 11 = 4*r. What is the tens digit of (-1 - (-56)/(-3))/(r/33)?
5
Suppose 10*u - 5*u = 625. Suppose -3*v + u = 2*v. What is the tens digit of 20/v + (-198)/(-15)?
1
Let g = 449 + -295. Let p = 167 + g. What is the units digit of p?
1
Let f = 51 + -31. Suppose -7 = -3*h + b, -2*h = -3*h - 4*b - 2. Suppose 0 = 3*w + h*w - f. What is the units digit of w?
4
Suppose -9*m = -5*m - 3*b - 6935, 3*m - 5*b - 5215 = 0. What is the units digit of m?
0
Let b(f) = -19*f + 37. Let l be b(2). Let t be 4*3/(6/(-7)). What is the tens digit of (-483)/t - l/(-2)?
3
Let o(w) = w**2 - 6*w - 10. Let d(v) = 2*v**2 + 7*v + 6. Let a be d(-4). What is the tens digit of o(a)?
3
Let d(b) = 52*b - 40. What is the hundreds digit of d(22)?
1
Let x be ((-15)/35)/((-1)/7). Suppose -2*y + 97 = n, -2*n = 5*y + x*n - 235. What is the units digit of y?
0
Let u(o) = o**3 + 21*o**2 - 7*o - 46. What is the tens digit of u(-21)?
0
Suppose -3*o = 2*p + 12, 0 = 4*p - 3*o + 2 + 4. Let w be 10 + p + -3 + 1. Suppose -31 = -j - 0*j + 2*n, 3*j - w*n - 93 = 0. What is the units digit of j?
1
Let y(g) = 16*g**2 - 2*g + 8*g**3 - 10*g**2 - 2*g**3 - 5*g**3 - 4. Suppose 5*d + 35 = -3*f, 0 = 2*f - 0*d - 2*d + 2. What is the units digit of y(f)?
1
Suppose 138 + 8 = 2*s. Let t = -473 + 477. Suppose t*l = 225 - s. What is the units digit of l?
8
Let u(m) = 20*m - 21. Let o be u(-12). Let g = o - -392. What is the units digit of g?
1
What is the thousands digit of (4 - 116/12)*-201?
1
Suppose -125 = 4*o - 9*o - 5*g, -85 = -5*o + 3*g. Suppose 8*v + o = 364. What is the tens digit of v?
4
Let v = 118 - -1113. What is the hundreds digit of v?
2
Let l(q) = q**3 - 2*q**2 - 2*q + 39. What is the tens digit of l(17)?
4
Suppose -5*u - 2*h = -u - 1232, -4*u + 1232 = 3*h. What is the units digit of u?
8
Let q = -7 - -9. Let p be 34/8 - q/8. Suppose -13 = -4*i + 5*t + 74, 4 = p*t. What is the units digit of i?
3
Let q = -80 - -600. What is the hundreds digit of q?
5
Let v = 522 - 105. What is the units digit of v?
7
Suppose -q + 30 = 2*q. Let a(m) = -m**3 + 9*m**2 + 11*m - 9. Let x be a(q). What is the units digit of (6/(-1))/(0 - x)?
6
What is the thousands digit of ((-293869)/(-355))/((-2)/(-10))?
4
Suppose -48*t - 49215 = -63*t. What is the tens digit of t?
8
Suppose -8 - 10 = -6*x. Suppose -x*l - 5*u = -49, 6 = 4*u - 2. What is the tens digit of l?
1
Let u(a) = -a**3 + 14*a**2 - 12*a - 13. Let d be u(13). Suppose 4*j + 5*p + 12 = d, 2*j - 4*p + p - 16 = 0. Suppose 6 + 62 = j*x. What is the units digit of x?
4
Let s = -27 + 17. Let v be ((-5)/s)/(1/(-90)). Let n = v - -68. What is the tens digit of n?
2
Suppose -j + 56 = 14. Suppose 21*s = 24*s - j. What is the units digit of s?
4
Let j(g) = 4*g - 3*g - 2 + 10 + 9. What is the units digit of j(6)?
3
Suppose 5*g - 3939 - 1951 = 0. What is the units digit of g?
8
Suppose 154*l - 152*l = 334. What is the hundreds digit of l?
1
Suppose 0 = -3*g - 3*g. Suppose g*p - 15 = -3*p. What is the units digit of p?
5
Let v = 246 - 132. Let s = -67 + v. What is the units digit of s?
7
Let l(i) = i**3 + 2*i**2 - 4*i + 73. What is the hundreds digit of l(7)?
4
Let r(d) = 33*d**2 - d + 1. What is the hundreds digit of r(-3)?
3
Let s(b) = -b**3 + 13*b**2 + 18*b - 21. Let y = -4 - -8. Suppose -3*a - 6 = 0, -2*p = -y*p + 2*a + 32. What is the tens digit of s(p)?
3
Suppose 0 = 8*r - 9*r - 33. Let u = -32 - r. Let s(b) = 31*b**2 + 1. What is the tens digit of s(u)?
3
Let a(n) = 3*n**3 + 14*n**2 + 5*n - 32. Let c(t) = 7*t**3 + 27*t**2 + 9*t - 64. Let j(f) = 5*a(f) - 2*c(f). What is the units digit of j(-15)?
8
Let g = 2461 + -1381. What is the thousands digit of g?
1
Let f(k) = 153*k**2 - 12*k - 19. What is the units digit of f(-2)?
7
Suppose 4*h - 4*x - x + 10 = 0, -h = -2*x + 4. Let b(q) = 2*q. Let l 